f x and r?
2
Let l(f) = -13*f**3 - 5*f**2 - 51*f - 95. Let m be l(-2). What is the greatest common factor of 13468 and m?
91
Suppose 421672 = 153*i + 97159. What is the highest common divisor of 294 and i?
21
Let y(z) be the first derivative of -60*z**2 - 39*z + 46. Let u be y(-4). What is the greatest common divisor of 21 and u?
21
Let l(f) = -f**3 - 12*f**2 - 2*f - 9. Let q be l(-12). Let h = q - -69. What is the highest common factor of h and 140?
28
Suppose 0 = 2*y - 2*t - 582, -11*t = -3*y - 12*t + 861. Suppose -304*o + 112 = -y*o. Calculate the highest common divisor of o and 91.
7
Suppose o - 41 = 2*r, -6*r + 11*r = o - 56. Let w(g) = -g**2 - 104*g - 1817. Let y be w(-30). Calculate the highest common factor of o and y.
31
Suppose -16*b + 3508 + 588 = 0. Let q be (32/12)/(4/246). Suppose b = 5*v - q. What is the greatest common factor of 21 and v?
21
Suppose 0*y = 3*y + 5*n + 2, -20 = 5*n. Suppose y*j - 64 = 4*j. Let q = -449 + 465. Calculate the greatest common divisor of q and j.
16
Let r(w) = w**2 + 4*w - 31. Let f be 1 + (20 - -4)/4. Let c be r(f). What is the greatest common divisor of 299 and c?
23
Let c(s) = -s**3 - 10*s**2 + 6*s + 2. Let i be c(0). Calculate the highest common divisor of i and 370.
2
Let d(a) = -5*a**3 + 319*a**2 + 67*a - 114. Let c be d(64). Calculate the greatest common divisor of 162 and c.
6
Suppose 1575*a - 1552*a - 34913 - 7844 = 0. Calculate the greatest common divisor of a and 6929.
169
Let c(l) = -5 - 4*l + 27 + 20 + 5*l. Let f be c(28). What is the highest common factor of 210 and f?
70
Suppose 4*m = 3*h - 272, 7*h - 6*h = 3*m + 99. Suppose 82*x - h*x = -4*t - 672, -5*x = -t - 1644. What is the greatest common divisor of 8 and x?
8
Let f be 2 - 4 - (-4)/2. Suppose f = -5*l + 134 - 34. What is the greatest common factor of l and 70?
10
Let m = 4473 - 4453. What is the greatest common divisor of m and 304?
4
Let f(x) = 12*x + 134. Let t be f(-11). Suppose n - t*n = -112. Calculate the highest common factor of 28 and n.
28
Suppose 8*i + 60 = 10*i. Suppose 0 = 2*w - 2*s - 852, 0 = s - 335 + 341. What is the highest common factor of i and w?
30
Suppose -1966*a + 1979*a = 7020. Calculate the greatest common factor of a and 360.
180
Let a be ((-4)/5)/(7/63*(-24)/2200). What is the highest common factor of a and 18?
6
Let g be (-85)/68 - 123/12*3. Let b be ((-29)/6)/(g/192). Calculate the greatest common factor of b and 232.
29
Suppose -3*k = -2*a + k - 266, -145 = a - 5*k. Let f = a - -127. Suppose 2*l + 260 = 5*g - f*l, l = -g + 43. What is the highest common divisor of 336 and g?
48
Let o be 0 + 1137/6 + ((-65)/10 - -6). Let j be (-6)/15 + 2360/25. Suppose j = 4*k + 5*r, 3*k - 2*r = r + 57. What is the highest common factor of k and o?
21
Suppose -2710*u + 2738*u - 7168 = 0. Calculate the highest common factor of u and 48896.
256
Let o be (-21)/(-42) + (-6)/4. Let j be 40 + o - (-4)/8*-6. Calculate the highest common divisor of j and 306.
18
Let n be 400/1 + (-170)/(-85). Let w = n - 248. Calculate the highest common factor of 70 and w.
14
Suppose -99*b + 48*b - 56*b = -54784. Calculate the greatest common divisor of 4864 and b.
256
Let g be (-8)/12*(1 - 4). Let q(z) = z - 2. Let r be q(8). Suppose -r*n - g*n + 32 = 0. Calculate the highest common divisor of n and 18.
2
Let s be (-4 + -9 + 9)*(48/(-6) + 2). What is the greatest common factor of s and 5608?
8
Suppose 9*g - 566 - 1018 = 0. What is the greatest common factor of 1892 and g?
44
Let o(s) = 265*s**2 - 9*s + 68. Let a be o(4). Calculate the highest common divisor of a and 144.
48
Let c(w) = -203*w - 1868. Let a be c(-16). What is the highest common factor of 204 and a?
12
Let s = -12 + 35. Suppose -3*z = -3*h - 474, 0 = 3*h - h - 6. What is the highest common factor of s and z?
23
Suppose -27*v = -14*v - 26*v + 28899. What is the highest common divisor of 1710 and v?
171
Let j = 1742 - -348. Suppose 2*c + 8*c - j = 0. What is the highest common divisor of c and 11?
11
Suppose q + 5*d = 11, 2*q + d + 0*d = 67. Let f(n) = 3*n**3 - 11*n**2 + 11*n - 12. Let m be f(4). Calculate the greatest common divisor of m and q.
12
Suppose 0 = 2*y + x - 3, 0*x = 3*x - 15. Let u be (81/2)/((-1)/4 - y). Calculate the greatest common factor of 432 and u.
54
Let j = 81 + 39. Let d = -102 - -67. Let k be 30/d*1*35*-1. Calculate the greatest common factor of k and j.
30
Suppose 0 = 5*z - 5*w - 45, 5*z - 27 = 17*w - 15*w. What is the highest common divisor of z and 3?
3
Let l(f) = -2*f**2 - 160*f + f**2 - 47 + 179*f. Let t be l(16). Calculate the highest common factor of t and 1.
1
Let d = 2891 + -2240. Calculate the highest common divisor of d and 372.
93
Let v be (-15 - (-28)/4) + 217. What is the highest common factor of v and 304?
19
Suppose 3*n + 13 = 2*f - 0, f - 5*n = 10. Let u = -1 + f. Suppose -1725*z = -1929*z + 5712. Calculate the greatest common factor of u and z.
4
Let g(l) = -108*l**2 - 3*l + 2. Let a be g(1). Let z = 169 + a. Suppose 3*c + z = 5*c. Calculate the highest common factor of 12 and c.
6
Let d(n) = 12*n**2 + 176*n - 916. Let u be d(5). What is the greatest common divisor of u and 456?
24
Suppose -4*j + 36 = 0, 3*j + 9243 = 29*q - 28*q. Calculate the greatest common factor of 360 and q.
90
Let r = 9 - 9. Let g be r + (0/(-3) - -2) - -42. Let z = -26 - -92. Calculate the highest common factor of z and g.
22
Suppose 14 = 4*p + 19*c - 22*c, 0 = 2*c + 4. Suppose -5*s - p*s + 280 = 0. What is the highest common divisor of 15 and s?
5
Let f(l) = 2*l**2 + l + 1. Let r be f(-3). Let h be (6 + 39/(-6))/(2/80). Let d be (-62)/(-4) + ((-50)/h)/5. What is the greatest common factor of d and r?
16
Suppose -13*s + 40 = -11*s. Suppose -220 = 8218*k - 8229*k. Calculate the greatest common factor of s and k.
20
Let u = -58 + 55. Let t = 3 + u. Suppose 3*l = -4*m - m + 63, t = 3*l - m - 45. Calculate the highest common divisor of 8 and l.
8
Let t be (28 + -26)/(5 + (-6612)/1323). Calculate the highest common divisor of 1274 and t.
98
Suppose 5*d = -5, a - d = -2*d + 22. Suppose 3*p - 217 = 2*w, 2*w = -8*p + 9*p - 79. Calculate the highest common factor of p and a.
23
Let h(y) = 30411*y**2 - 4. Let r be h(1). What is the highest common divisor of 13 and r?
13
Let h(d) = -3*d + 87. Let p be h(-18). Suppose -27*z + 26*z + p = 0. What is the highest common divisor of z and 3?
3
Suppose -a - 91 = -w + 4*w, -w = -5*a + 25. Let u(z) = -z**3 - 29*z**2 + 30*z + 2. Let m be u(w). What is the highest common factor of m and 172?
2
Let x(n) = 9 - 5 - 15*n - 79. Let w be x(-6). Suppose 0 = 5*h - 337 + 112. What is the highest common divisor of w and h?
15
Suppose -2520 = g - 11*g. Suppose 0 = 4*u - 4*w + g, -326 + 5 = 5*u + w. Let y be -9*(u/6 - -5). What is the highest common divisor of y and 153?
51
Let r(t) = 8*t**2 + 16*t - 6. Let k be r(4). Let s = k - 112. What is the highest common factor of s and 37?
37
Let j(z) = 28*z - 180. Let p be j(15). Let m be (18/(-33))/(4/(-352)). Calculate the highest common divisor of m and p.
48
Let f(r) = -r**3 - 3*r**2 + 23*r - 24. Let g be f(-15). What is the greatest common divisor of g and 1036?
259
Let l(r) = 3*r**2 + 19*r - 38. Let u be l(-15). What is the highest common factor of u and 198?
22
Let g = 15518 - 15448. What is the greatest common factor of 115 and g?
5
Let q(z) = 120*z**2 - 71*z + 601. Let r be q(7). What is the greatest common divisor of 68 and r?
68
Suppose -242 = 3*l - 2*l. Let d = -128 - l. Suppose -26 - d = -7*v. What is the highest common divisor of v and 15?
5
Let x(c) = c**2 - 31*c - 28. Let d be x(-25). Suppose 4*z - d = 4*b, 12*b = 3*z + 14*b - 1019. What is the highest common divisor of z and 31?
31
Suppose 15283 = -147*j + 452*j - 67677. What is the highest common divisor of j and 21896?
136
Let t = -7423 - -7433. Suppose 0 = 5*z + 15, -3*h + 513 + 501 = 2*z. Calculate the highest common factor of h and t.
10
Suppose 4*b - 420 = -0*b. Let m be 2/4 + b/10. Suppose -4*o = -12, 0*t - 2*t - 3*o + 185 = 0. Calculate the highest common factor of t and m.
11
Let r be 1*(-1)/(-5) - (-284)/(-20). Let w = r - 12. Let b = -21 - w. Calculate the greatest common factor of b and 1.
1
Let z(n) = 12*n - 69. Let v(x) = -x - 1. Let c(o) = 5*v(o) + z(o). Let l be c(14). Calculate the highest common divisor of l and 516.
1